late the highest common factor of 2668 and 6164.
92
What is the highest common factor of 3145 and 88615?
185
What is the highest common factor of 30974 and 68?
34
Calculate the highest common factor of 16 and 389296.
16
What is the greatest common divisor of 36 and 217512?
36
Calculate the highest common factor of 1320 and 310560.
120
What is the highest common factor of 221655 and 945?
105
What is the greatest common divisor of 38730 and 84?
6
What is the greatest common factor of 20349784 and 728?
728
Calculate the greatest common divisor of 412 and 183649.
103
What is the highest common factor of 79501 and 428?
107
Calculate the highest common factor of 20855 and 645.
215
What is the greatest common factor of 310152 and 24?
24
What is the highest common divisor of 11 and 10714?
11
Calculate the greatest common factor of 12 and 6252.
12
What is the highest common factor of 9195725 and 1405?
1405
What is the greatest common divisor of 35860 and 154?
22
Calculate the greatest common divisor of 13370 and 490.
70
What is the greatest common divisor of 27146 and 322?
14
Calculate the highest common divisor of 75 and 201100.
25
What is the highest common divisor of 6549 and 531?
177
What is the highest common factor of 8709 and 24?
3
Calculate the greatest common divisor of 5738 and 10117.
151
Calculate the highest common divisor of 20743 and 1.
1
What is the highest common divisor of 155680 and 4000?
160
Calculate the greatest common factor of 10 and 259.
1
Calculate the greatest common factor of 103 and 126484.
103
Calculate the greatest common divisor of 630 and 321160.
70
Calculate the greatest common divisor of 419 and 9372611.
419
What is the greatest common factor of 426462 and 222?
222
Calculate the greatest common divisor of 8908 and 20.
4
Calculate the highest common factor of 302214 and 99.
33
Calculate the highest common factor of 201 and 6633.
201
What is the highest common factor of 76384 and 448?
224
Calculate the highest common factor of 411 and 1866214.
137
What is the highest common divisor of 424 and 57982?
106
What is the greatest common divisor of 28 and 107576?
28
What is the greatest common factor of 703764 and 13560?
1356
What is the greatest common factor of 24397 and 7?
1
What is the greatest common factor of 23 and 175651?
23
What is the highest common factor of 15689 and 87?
29
Calculate the highest common factor of 8372 and 783380.
1196
What is the greatest common factor of 3957 and 27?
3
What is the highest common divisor of 108931 and 97?
97
Calculate the greatest common factor of 10637 and 86063.
967
What is the greatest common divisor of 969 and 70414?
323
Calculate the highest common factor of 60848 and 16.
16
What is the greatest common factor of 506 and 64262?
506
What is the highest common divisor of 24182 and 5350?
214
Calculate the greatest common factor of 12 and 10880148.
12
Calculate the highest common divisor of 45 and 1395693.
9
What is the highest common divisor of 456 and 24352?
8
What is the highest common divisor of 748860 and 10?
10
Calculate the greatest common divisor of 552 and 1836228.
276
Calculate the greatest common divisor of 700864 and 2330.
466
Calculate the highest common divisor of 3770 and 101152.
58
What is the highest common divisor of 125 and 1025725?
25
Calculate the greatest common divisor of 145408 and 71.
71
Calculate the highest common divisor of 7261 and 157.
1
Calculate the greatest common factor of 211783 and 143.
143
What is the highest common factor of 20268 and 423?
9
Calculate the highest common divisor of 5196 and 3347956.
1732
Calculate the highest common divisor of 93984 and 4752.
528
What is the highest common divisor of 5559 and 2397?
51
What is the greatest common divisor of 1645 and 15745?
235
Calculate the greatest common divisor of 99 and 1782639.
9
Calculate the highest common divisor of 1005 and 14472.
201
Calculate the greatest common factor of 262395 and 385.
35
What is the greatest common divisor of 75 and 14075?
25
Calculate the greatest common divisor of 6 and 1159038.
6
Calculate the highest common factor of 777 and 5565.
21
Calculate the highest common factor of 68 and 24582.
34
What is the greatest common factor of 33 and 32745?
3
Calculate the greatest common divisor of 56216 and 32.
8
What is the greatest common divisor of 20 and 61220?
20
Calculate the greatest common divisor of 6721 and 84271.
517
What is the greatest common factor of 18 and 992781?
9
Calculate the greatest common factor of 486260 and 820.
820
Calculate the greatest common divisor of 11256 and 8568.
168
Calculate the highest common divisor of 855 and 82539.
9
Calculate the greatest common divisor of 114 and 496204.
38
What is the highest common factor of 349 and 1464055?
349
What is the highest common factor of 5 and 652585?
5
Calculate the highest common factor of 126 and 89418.
42
Calculate the highest common factor of 38354 and 127.
127
What is the greatest common factor of 132010 and 1935?
215
What is the highest common factor of 18 and 82068?
6
Calculate the greatest common factor of 1966934 and 1734.
578
What is the highest common factor of 1844382 and 6?
6
Calculate the highest common factor of 80 and 477290.
10
Calculate the highest common divisor of 1460 and 803.
73
Calculate the greatest common factor of 62 and 82243.
31
Calculate the highest common factor of 66288 and 204.
12
What is the greatest common factor of 23000 and 65504?
184
Calculate the greatest common divisor of 29224 and 26414.
562
Calculate the greatest common divisor of 103 and 2223461.
103
Calculate the greatest common factor of 129770 and 120.
10
Calculate the highest common factor of 3905406 and 9.
9
What is the greatest common divisor of 68096 and 1634?
38
Calculate the greatest common factor of 364 and 30108.
52
What is the highest common divisor of 14816 and 1568?
32
Calculate the highest common divisor of 2159478 and 126.
18
What is the highest common factor of 32 and 803808?
32
What is the highest common divisor of 481774 and 6950?
278
What is the greatest common divisor of 1661 and 11929?
151
What is the highest common divisor of 526 and 5581386?
526
What is the highest common factor of 5590 and 3053?
43
Calculate the highest common divisor of 715200 and 3840.
960
Calculate the highest common divisor of 1700 and 117500.
100
Calculate the highest common factor of 194068 and 112.
28
What is the highest common divisor of 27407 and 1?
1
Calculate the greatest common divisor of 2412 and 12998.
134
Calculate the greatest common factor of 1593 and 2889.
27
Calculate the greatest common divisor of 6 and 156498.
6
What is the highest common divisor of 1242 and 1840?
46
Calculate the highest common factor of 4760380 and 20.
20
What is the greatest common divisor of 78400 and 1470?
490
Calculate the highest common divisor of 3520 and 570328.
88
Calculate the greatest common divisor of 25973 and 76.
19
Calculate the highest common factor of 12635 and 436240.
665
What is the highest common factor of 69 and 122567?
23
Calculate the highest common factor of 329 and 1911.
7
What is the highest common divisor of 6390 and 2010?
30
Calculate the highest common factor of 110 and 140866.
22
Calculate the greatest common divisor of 165 and 405.
15
What is the greatest common factor of 60 and 32190?
30
What is the highest common factor of 1442348 and 374?
34
Calculate the greatest common factor of 9735 and 210.
15
Calculate the greatest common divisor of 6004 and 380.
76
Calculate the highest common divisor of 31070 and 6453.
239
Calculate the greatest common divisor of 6495 and 345.
15
What is the highest common divisor of 18324 and 324?
36
Calculate the greatest common factor of 10 and 34130.
10
What is the highest common divisor of 33170 and 6848?
214
What is the highest common factor of 12663 and 756?
189
What is the greatest common divisor of 1520 and 2880?
80
What is the highest common factor of 1104 and 10512?
48
Calculate the highest common divisor of 2873 and 10140.
169
Calculate the greatest common divisor of 4214 and 164647.
301
Calculate the highest common divisor of 156078 and 174.
174
What is the highest common divisor of 49264 and 16?
16
What is the greatest common divisor of 801 and 43254?
801
Calcul